x - 10769. Calculate p(4).
-1081
Let q(r) = 2*r**3 - 104*r**2 - 711*r + 524. Give q(58).
-346
Let v(s) = -30205*s + 211422. Determine v(7).
-13
Let v(p) = -8*p**2 - 1262*p + 9230. Determine v(7).
4
Let i(y) = 52827*y + 897703. Give i(-17).
-356
Let k(u) = -30*u**3 + 7*u**2 + u - 5. Give k(3).
-749
Let m(k) = -14529*k + 43483. What is m(3)?
-104
Let c(p) = 2256*p + 96471. Calculate c(-43).
-537
Let h(s) = -1520*s - 30632. What is h(-20)?
-232
Let u(s) = 3*s**3 + 546*s**2 - 551*s - 449. What is u(-183)?
-83
Let u(l) = -1880*l**2 - 43244*l - 61. Give u(-23).
31
Let a(d) = 2935*d - 46962. What is a(16)?
-2
Let h(d) = 18907*d - 869664. Determine h(46).
58
Let n(c) = 70*c + 3417. Calculate n(-48).
57
Let u(p) = -11*p**2 + 41*p + 960. Give u(-9).
-300
Let q(f) = 8*f**3 + 7*f**2 - 15042*f + 15036. Give q(1).
9
Let p(z) = 62*z**2 + 610*z + 59. What is p(-9)?
-409
Let m(c) = 81*c**2 - 4937*c - 71. Give m(61).
173
Let r(n) = 90580*n + 13134092. Give r(-145).
-8
Let v(z) = -315*z**2 - 1919*z - 167. Determine v(-6).
7
Let q(k) = 6*k**3 - 2*k**2 + 29*k - 155. Calculate q(6).
1243
Let p(v) = 8*v**2 - 910*v - 8792. Determine p(-9).
46
Let t(y) = -2*y - 833. Determine t(15).
-863
Let i(y) = y**2 + 542*y + 33379. Calculate i(-71).
-62
Let d(q) = 112*q - 13761. Determine d(123).
15
Let f(z) = 357*z - 17464. What is f(48)?
-328
Let t(f) = -98*f - 7076. Calculate t(-70).
-216
Let a(r) = -13*r**2 - 723*r + 1934. Give a(-58).
136
Let x(h) = -12072*h - 36532. Give x(-3).
-316
Let r(n) = -61*n**2 + 115*n - 788. What is r(7)?
-2972
Let b(z) = 194*z - 3827. Determine b(20).
53
Let f(s) = s**3 + 7*s**2 + 1882*s + 17033. Calculate f(-9).
-67
Let q(r) = -5950*r**2 - r + 17. Give q(0).
17
Let m(b) = 14030*b + 27770. What is m(-2)?
-290
Let l(a) = a**3 - 107*a**2 - 810*a + 1679. Determine l(114).
311
Let u(n) = -2899*n**2 + 23189*n - 1. Give u(8).
-25
Let p(k) = k**3 - 29*k**2 - 24*k + 988. Calculate p(29).
292
Let j(v) = 5*v**2 + 180*v - 2899. What is j(12)?
-19
Let i(c) = 7*c**3 + 883*c**2 + 124*c - 762. What is i(-126)?
-510
Let p(u) = -159*u + 1556. What is p(13)?
-511
Let i(f) = 9*f**2 - 1865*f + 4190. Calculate i(205).
90
Let q(u) = 2*u**2 + 49070*u + 147187. Give q(-3).
-5
Let s(j) = -2*j**3 - 70*j**2 - 530*j + 36. Give s(-23).
-470
Let a(n) = -n**3 - 311*n**2 - 591*n - 87106. What is a(-310)?
4
Let w(m) = -m**3 + 8*m**2 + 471*m + 2657. Determine w(-7).
95
Let b(s) = -s**3 - 429*s**2 - 25115*s + 5392. Determine b(-359).
7
Let r(w) = w**3 + 122*w**2 - 236*w + 1565. Give r(-124).
77
Let x(u) = -5*u**2 + 110*u - 395. What is x(17)?
30
Let y(g) = -2*g**2 - 4981*g - 49606. Give y(-10).
4
Let n(i) = -98398*i + 1. What is n(0)?
1
Let v(b) = 6674*b - 140260. What is v(21)?
-106
Let w(x) = x**3 + 16*x**2 - 8*x - 180. What is w(-14)?
324
Let f(c) = 3361*c - 13412. Determine f(4).
32
Let l(j) = 2*j**3 - 21*j**2 - 384*j + 11. Calculate l(20).
-69
Let l(j) = 40*j + 1496. Give l(-41).
-144
Let z(b) = 22*b**2 + 439*b + 374. Determine z(-18).
-400
Let l(p) = -1577779*p + 29977808. Determine l(19).
7
Let a(w) = w**2 - 142445*w + 427326. Give a(3).
0
Let r(d) = -d**2 - 4379*d - 152100. Determine r(-35).
-60
Let v(f) = -3*f**2 + 3327*f - 29809. What is v(9)?
-109
Let z(a) = a**2 + 683*a - 28822. Determine z(40).
98
Let z(x) = 685*x + 68718. Calculate z(-105).
-3207
Let u(a) = -54*a + 467. What is u(33)?
-1315
Let z(g) = 2*g**3 - 195*g**2 + 80*g + 1807. Calculate z(97).
158
Let h(p) = -9*p**2 + 483*p - 6116. Calculate h(20).
-56
Let u(h) = -15705*h - 2559945. Determine u(-163).
-30
Let c(j) = j**3 - 15*j**2 - 128*j + 133. Determine c(-10).
-1087
Let h(n) = 54*n - 3332. What is h(42)?
-1064
Let s(h) = 48*h**3 - 1729*h**2 + 45*h - 332. What is s(36)?
-8
Let d(x) = -11*x**2 + 5817*x + 1060. Calculate d(529).
2
Let g(a) = -28*a**2 + 2746*a - 441. What is g(98)?
-245
Let s(n) = -5581*n**2 - 50231*n - 23. Give s(-9).
-5
Let i(t) = -2*t**3 - 871*t**2 - 2189*t - 10355. Give i(-433).
37
Let n(s) = -20*s**3 + 775*s**2 + 185*s + 374. Determine n(39).
-16
Let f(w) = w**3 + 35*w**2 + 66*w - 23. Calculate f(-33).
-23
Let n(z) = -2*z**2 + 74*z + 1043. Calculate n(43).
527
Let z(a) = -770*a**2 - 35420*a - 155. Determine z(-46).
-155
Let i(m) = 15*m**2 - 58*m - 1. What is i(7)?
328
Let x(v) = 124*v + 18276. Calculate x(-145).
296
Let i(f) = -64*f - 4609. Determine i(-91).
1215
Let r(t) = 2*t**3 - 304*t**2 + 16*t - 2416. What is r(152)?
16
Let c(s) = -348997*s + 3838897. What is c(11)?
-70
Let c(x) = -x**3 + 46*x**2 - 93*x + 2089. Calculate c(45).
-71
Let i(y) = -y**3 - 22*y**2 + 726*y + 14886. Calculate i(-19).
9
Let s(w) = 9*w**2 - 173*w + 850. Calculate s(5).
210
Let i(u) = 1958*u - 119420. Determine i(61).
18
Let t(m) = -m**2 - 10983*m - 5757882. Determine t(-552).
30
Let u(v) = 4051*v - 1012769. Give u(250).
-19
Let x(b) = 2*b**3 - 43*b**2 + 276*b - 5355. Give x(21).
0
Let y(q) = q**3 - 156*q**2 - 27383*q + 2368. Give y(-105).
58
Let p(t) = -33*t**2 - 4896*t + 8103. Calculate p(-150).
3
Let h(y) = -8764*y - 2234832. Calculate h(-255).
-12
Let n(o) = -56*o**2 - 3918*o + 3918. Give n(1).
-56
Let x(s) = -634*s - 24728. Calculate x(-39).
-2
Let g(k) = -k**3 - 139*k**2 - 2398*k - 2. What is g(-21)?
-1682
Let p(a) = 118*a**3 - 2947*a**2 - 55*a - 509. What is p(25)?
-9
Let k(o) = 95*o + 4642. What is k(-44)?
462
Let z(q) = 73*q**2 - 108*q + 77. Calculate z(1).
42
Let o(f) = 6*f**3 - 1000*f**2 + 14190*f + 554. Give o(151).
-50
Let g(r) = 726*r - 249137. Give g(344).
607
Let p(i) = i**3 - 240*i**2 - 3207*i + 823619. Give p(239).
25
Let p(j) = -103*j + 9898. What is p(82)?
1452
Let x(r) = r**3 - 246*r**2 + 2112*r - 457435. What is x(245)?
-20
Let r(s) = -17218*s - 17231. What is r(-1)?
-13
Let f(t) = 24*t**2 + 261*t - 23003. Calculate f(26).
7
Let k(n) = 3*n**2 + 69*n + 412. Calculate k(-6).
106
Let a(c) = c**2 + 119965*c - 3239904. Calculate a(27).
-120
Let u(g) = -893*g - 3779. What is u(-4)?
-207
Let q(o) = 464*o + 5970. Calculate q(-12).
402
Let d(j) = 46*j + 228. Calculate d(-6).
-48
Let f(u) = u**2 + 7015*u + 2155151. Give f(-322).
5
Let i(v) = 14*v**2 + 623*v + 5333. Calculate i(-33).
20
Let n(f) = -f**3 - 133*f**2 - 612*f + 541. Calculate n(-128).
-3043
Let v(b) = b**3 + 62*b**2 - 188*b - 103. Give v(-65).
-558
Let r(v) = 35*v**2 + 11945*v + 15332. Give r(-340).
32
Let h(s) = s**3 - 133*s**2 - 9157*s - 353. Calculate h(-50).
-3
Let m(x) = -4*x**3 + 738*x**2 - 325*x - 7915. What is m(184)?
-3
Let z(d) = -3*d**3 + 7*d**2 + 730*d + 3630. Determine z(-5).
530
Let y(d) = -1534*d + 37481. Determine y(27).
-3937
Let y(a) = -399*a - 38045. Determine y(-94).
-539
Let q(o) = o**2 + 70854*o - 4396806. Calculate q(62).
-14
Let r(v) = 2*v**2 + 63*v - 14190. Calculate r(71).
365
Let k(w) = -4*w**2 + 64*w + 2423. Give k(-24).
-1417
Let d(t) = -2*t**3 + 16*t**2 - 51*t + 126. Determine d(6).
-36
Let j(i) = -6859*i + 1947957. What is j(284)?
1
Let a(d) = 6*d**2 + 435*d + 3457. Calculate a(-62).
-449
Let h(s) = -60*s**2 + 9*s - 23. Determine h(-5).
-1568
Let j(k) = -2741*k + 90425. Determine j(33).
-28
Let m(w) = -9*w**2 + 838*w + 11381. Calculate m(-12).
29
Let t(b) = 8997*b + 1241548. Determine t(-138).
-38
Let c(q) = -2*q**3 + 32*q**2 + 80*q - 22. What is c(19)?
-668
Let k(y) = 66*y + 3262. Give k(-50).
-38
Let p(u) = -5*u**2 - 28*u + 111. Determine p(0).
111
Let d(a) = 14202*a + 28935. Give d(-2).
531
Let t(y) = -12*y**2 + 922*y - 15571. Calculate t(52).
-75
Let u(d) = -2*d**2 + 246*d - 1039. What is u(113)?
1221
Let d(j) = -6144*j + 73718. Determine d(12).
-10
Let x(v) = -3*v**2 + 296*v - 6034. Determine x(29).
27
Let v(i) = -18*i**2 - 431*i - 2270. Determine v(-16).
18
Let w(r) = -r**2 + 252341*r - 6560205. What is w(26)?
-15
Let x(a) = a**2 + 226*a - 292057. Give x(439).
-122
Let z(u) = 2*u**2 - 473*u + 3990. Calculate z(228).
114
Let r(o) = 2886*o - 5731. What is r(2)?
41
Let w(u) = 24*u**2 + 107*u - 1498. Give w(-11).
229
Let u(q) = 1094*q + 213373. Determine u(-195).
43
Let h(c) = 2*c**3 + 178*c**2 - 46*c - 4101. Give h(-89).
-7
Let y(s) = -2*s**3 - 32*s**2 + 1205*s - 17757. Calculate y(-38).
-11
Let g(b) = -708*b - 308686. Calculate g(-436).
2
Let l(b) = -b**3 - 492*b**2 + 3436*b - 28368. Calculate l(-499).
75
Let a(t) = 9*t**2 - 1680*t - 1865. What is a(188)?
391
Let b(f) = -1981*f - 9065. What is b(-4)?